+ 14*f - 1. Is c(-8) prime?
False
Let b(z) = -z**3 - 6*z**2 - 6*z - 2. Let l be b(-5). Suppose 0*i + 15 = l*i. Suppose -2*o + 0*o = i*n - 927, -3*n + 541 = 5*o. Is n a composite number?
True
Suppose 5*c = 3*w - 141677, -c + 6*c = -20. Is w composite?
True
Let q(s) = -3*s**3 - 31*s**2 + 43*s + 80. Is q(-17) a prime number?
False
Suppose 5*j + 103 - 21713 = 0. Is j composite?
True
Let w be (3/(-4))/(1/(-24)). Is 6/w + (-2680)/(-6) a composite number?
True
Let b(q) = q**2 + 3*q - 11. Let n be b(-5). Is ((-2768)/(-4) + -1)*(n - -2) a composite number?
False
Suppose o = z + 3*z + 245, o = 2*z + 239. Suppose 4*r = 16, -2*d + 2*r = -o - 175. Suppose d + 36 = 2*k. Is k a composite number?
True
Let y(q) = 290*q + 1. Suppose 7*g = 2*g - 20. Let a(m) = m. Let i(n) = g*a(n) + y(n). Is i(1) a composite number?
True
Let q = -15 - -15. Suppose 5*m - 384 + 49 = q. Suppose -730 + m = -3*d. Is d a prime number?
False
Let f = -13756 + 23322. Is f prime?
False
Let v be 1*2*15/6. Suppose 3*s + v + 10 = 0. Is 2/s + (-1256)/(-40) prime?
True
Let i be (-8)/6*51/(-34). Is (-2 - (-3 - 0))/(i/1538) a composite number?
False
Let y = 94922 + -60711. Is y a composite number?
False
Suppose -6*t + 0*t = -12. Suppose y - t*y = x - 3430, 4*x + 3445 = y. Is y composite?
False
Suppose 3*f - i - 20 = 3, 4*i - 20 = -4*f. Let m = 5 - f. Is (-941)/(-6) + m/(-12) a prime number?
True
Let w = -1462 + 2724. Suppose 3*v = -2*v - 2*y + 21, v - 2*y + 3 = 0. Suppose -p = -v*p + w. Is p composite?
False
Suppose y = 1341 - 254. Is y a prime number?
True
Let w = -44 - -26. Let n = w - -173. Is n a composite number?
True
Suppose 2865 = 69*p - 64*p. Is p a composite number?
True
Let w(q) = 160*q**2 + 19*q + 301. Is w(-10) a prime number?
True
Let x = 30235 - 21002. Is x a prime number?
False
Let d(v) = -3*v. Let l = -13 - -12. Let x be d(l). Suppose -u = m + x*u - 83, 0 = m + 5*u - 87. Is m prime?
True
Let s = 795 - 122. Is s a composite number?
False
Suppose -3676 = -3*u + m, -u - 3*m + 1232 = -0*m. Is u composite?
True
Suppose -19*f = -815394 + 64913. Is f prime?
True
Suppose -18 - 9 = -9*b. Suppose 1461 - 576 = b*r. Is r a prime number?
False
Is 210/(-168) + 104754/8 prime?
True
Let m = 81 - 117. Let k be (-1)/(1*4/m). Suppose -5*i = u - 795, 3*i - 486 = -2*u - k. Is i prime?
False
Suppose 27 = 5*w + 4*w. Suppose -3*g + 3*a = -a - 5063, 0 = -4*g + w*a + 6746. Is g prime?
False
Let j(i) = 3*i**2 - 6*i + 10. Let g be j(14). Let f(s) = 231*s**2 - 5*s - 1. Let k be f(-2). Let q = k - g. Is q prime?
True
Suppose i = -5*z - 4*i + 48195, 2*z - 19276 = -3*i. Is z prime?
False
Let a(r) = r**3 - 2*r**2 - r. Let i be a(-2). Let v = i - -16. Is v - 235/(-1 + 0) a composite number?
True
Let t(l) = 4*l**3 - l. Let k be t(1). Suppose 1082 = 5*h - k*h. Is h composite?
False
Let n be (-3)/((-108)/70532) + 8/(-36). Suppose -4*l = 611 - n. Is l a prime number?
True
Suppose 5*h + 3*u - 1473 = -188, 5*h - u - 1285 = 0. Is h prime?
True
Suppose -16*i + 6*i + 20 = 0. Suppose 155 = y - 2*z, -4*y + i*z = -z - 625. Is y composite?
False
Let f = 221 - -98. Let q(k) = 20*k**2 - 20*k**2 + k**3 + f. Is q(0) a composite number?
True
Suppose 4*y - 440 = 2*y. Let v = y - 139. Suppose -3*a + 3*f = -v, 31 + 7 = 2*a + 2*f. Is a a composite number?
False
Suppose 19021 = 4*l - 62439. Is l composite?
True
Let a = -342 - -845. Is a a prime number?
True
Let n(x) = 3*x**3 + 5*x**2 - 5. Let o be n(5). Let h = o + -284. Is h a composite number?
False
Let c = 11 - 7. Let y = 110 + -110. Suppose y = c*m + 3*s - 7*s - 184, -5*m - 3*s + 238 = 0. Is m prime?
True
Suppose 5 = -j + 13. Let y be j + (1 - 6/2). Is ((-2)/y)/((-1)/777) a prime number?
False
Let x be -1 - (-3 + 7 + -495). Is 2/(4*5/x) a composite number?
True
Suppose 3*o = -86 + 92. Suppose 4*k - o*q = 3876, -5*k - 3*q + 4*q = -4839. Is k a prime number?
True
Let j(u) = 18*u**2 + 2*u + 2. Let l be j(8). Suppose -144 = -b + 2*p + 79, 5*b = -p + l. Is b a prime number?
True
Suppose -f = 4*f + 3*q - 4125, 0 = 3*f + 2*q - 2474. Suppose -2*t - 3*k + 853 = 0, 3*t + f = 5*t - 2*k. Is t composite?
False
Let o = 16 - 18. Let c be (-1)/o*(4 - -1270). Suppose -5*t = -298 - c. Is t a composite number?
True
Let u be (-2 - (2 + -4)) + (-1 - -1). Suppose u = 2*s - 7*s + 1245. Is s a composite number?
True
Let c(b) = 500*b**2 - 4*b + 2. Let k be c(2). Suppose 3*h + 2*t - 1667 = 0, t - 237 = -4*h + k. Let o = h - 194. Is o prime?
False
Let f(j) be the first derivative of 53*j**3/3 - 3*j**2/2 + 5*j - 113. Let l(u) = 2*u - 2. Let z be l(2). Is f(z) prime?
True
Let d(j) be the third derivative of j**7/840 + j**6/45 - j**5/120 + j**4/12 + j**3/6 - 5*j**2. Let q(a) be the first derivative of d(a). Is q(-8) composite?
True
Let b = 10 + 1. Let o = b + -9. Suppose -489 = o*x - 5*x. Is x a prime number?
True
Let l(n) = -2*n + 1. Let p be l(-2). Suppose 5*w - 288 = -2*k + 176, -p*w = -k + 202. Suppose -3*d = -45 - k. Is d prime?
True
Let m(q) = 186*q**2 - 2*q - 1. Suppose 2 = 2*d - 6. Let i = 3 - d. Is m(i) a prime number?
False
Let r(n) = 227*n + 1. Let c(b) = -57*b. Let d(u) = 18*c(u) + 4*r(u). Is d(-3) prime?
False
Let f(q) = -q**3 - 7*q**2 + 2. Let v(w) = 6*w**3 - 2*w**2 - w. Let j be v(-1). Let m be f(j). Suppose -m*b = 2*b - 652. Is b composite?
False
Let j(b) be the first derivative of -3*b**2 + 4*b + 4. Let h(n) = -n - 30. Let a be h(-21). Is j(a) a composite number?
True
Let d(z) = z**3 - 3*z - 9. Let h be d(3). Is 39355/h - (-8)/36 a composite number?
False
Let l = 5605 + -3704. Is l a composite number?
False
Let f(j) = -j**2 - 12*j - 9. Let k = -17 - -6. Let q be f(k). Suppose -2*l - 28 = q*a - 414, -4*l = 4. Is a composite?
True
Suppose -5*d + 5 = 0, 3*d - 62 + 0 = -i. Is i composite?
False
Let r(k) = -4*k - 16. Let u be r(-5). Suppose 3*f - u*t - 9084 = -t, -4*t - 3031 = -f. Is f a composite number?
True
Is 4*10/20*13285/2 prime?
False
Let o = -3278 + 4645. Is o a prime number?
True
Let y(t) = 35 + t - 2 + 22 - 4*t. Is y(0) composite?
True
Let k be 3 + 1 + (-2 - -1). Suppose z + 1786 = -5*j + 600, 250 = -j + k*z. Let o = j + 335. Is o prime?
True
Let r(g) = -108*g - 59. Suppose 2*k = -0 - 4, -w - 15 = -k. Is r(w) a prime number?
True
Suppose -4*b = 4*s - 232, 27 - 258 = -4*s - 3*b. Suppose 0 = f - 2*y + 7 - 1, 0 = 5*f + 4*y - 26. Suppose s = f*l + l. Is l a prime number?
True
Suppose 0 = -2*i - j, 0 = i - 3*j + 6 - 20. Suppose g - i*g - v = -295, 2*g + 5*v = 596. Is g composite?
False
Suppose -4*x + 0*x = 0. Suppose x = 21*t - 16*t - 1805. Is t a composite number?
True
Suppose 0 = 5*u - u - 12. Suppose u*b - 549 = 3*v, -b + 3*v + 195 = 8*v. Is b a composite number?
True
Suppose 5*g = -4*s + 2*s + 23, 0 = -2*g - 5*s + 5. Suppose -b = -g*b + 8. Suppose b*u = -88 + 374. Is u a composite number?
True
Let k be (0 - (-4)/26) + (-5956)/13. Let a be ((-2)/(-4))/(-1)*482. Let n = a - k. Is n a composite number?
True
Suppose 3*d + 6 = 0, -b + 2*d = 5*d + 2. Suppose 65 = -b*g - 2*a + 397, 0 = 3*a + 12. Is g a prime number?
False
Let p = -23 - -6. Let x = p + 32. Let y = x + 6. Is y a composite number?
True
Let a = -7763 + 23926. Is a a composite number?
True
Suppose 6*x = -3*x + 8262. Let w = x + 55. Is w prime?
False
Suppose -18*g = -23*g - 20. Is -2 + (g + (4 - -4) - -789) a composite number?
True
Suppose -2*q = q - 12. Suppose q + 4 = -h. Is ((-580)/h - 1)*2 a prime number?
False
Let y be 279/(-12) - (-1)/4. Let v = y + 26. Let q(z) = 43*z**2 + 2*z - 4. Is q(v) a composite number?
False
Let y(x) = 2*x**2 - 5*x - 2. Let b be y(-1). Suppose 0*d - d = -4*k - 861, 5*d - b*k = 4365. Is d composite?
False
Suppose -q = -4*c - 4*q + 14241, c - q - 3555 = 0. Suppose 6*g + 1080 = c. Is g a composite number?
True
Let p(c) be the third derivative of -c**5/60 + 7*c**4/12 + c**3/3 + 3*c**2. Is p(11) a composite number?
True
Let z(g) be the third derivative of -1/24*g**4 + 7/6*g**3 - 3*g**2 + 17/60*g**5 + 0 + 0*g. Is z(5) a composite number?
True
Let s be 1022 + 8 + -4 + -1. Suppose 3*b - q - 615 = 0, 3*q = 5*b + 5*q - s. Let n = 368 - b. Is n composite?
False
Suppose 24 = 3*g - 3*n, -2*g = g - 2*n - 20. Suppose g*k - 6 - 8 = 5*t, -5*k - 4*t - 3 = 0. Is (-287*k)/(2 + -3) a composite number?
True
Let t = 1 + 4. Suppose -u - 3 = -t. Suppose -f - 53 = -u*f. Is f prime?
True
Let i = 58 + -55. Is ((-862)/6)/(i/(-45)